a prime number?
False
Suppose 17*m + 2250 = a + 16*m, a - 2244 = -5*m. Is a prime?
False
Suppose 0 = -5*h + 2*h. Suppose 6*s - 2*s = h. Suppose -2*q + w + 235 = s, q - 92 - 13 = -2*w. Is q prime?
False
Let a(z) = z**2 + z - 36. Let l be a(-7). Is 1070/12 + (-1)/l prime?
True
Let q(r) = 4*r**3 - r**2 - 2*r - 1. Let j be q(-1). Suppose -2*p + 204 = -96. Is p/2 + j/(-2) a composite number?
True
Is (-9)/(-18)*-6 - (-3687 + 1) a prime number?
False
Suppose 5*l + 355 = -2645. Let m be l/14*(6 + -27). Suppose -3*s + m = -177. Is s composite?
False
Let j(z) = z**3 - 16*z**2 + 15*z + 2. Let m be j(15). Let g be m/(-11) - (-8)/44. Suppose g = 4*b - 16, 0*y + y - 23 = 2*b. Is y prime?
True
Suppose -3*v - 336 = -4*p + 1971, -p = -3*v - 588. Is p prime?
False
Let h(n) = n - 3. Let m be h(5). Suppose -6805 = -3*k - m*k. Is k a composite number?
False
Let o(b) = 79*b**2 + 4*b. Let a(x) = -2*x**2 - x. Let m be a(1). Is o(m) a prime number?
False
Suppose 0 = 2*o + 2, 0*o + 2802 = 2*h - 4*o. Is h a composite number?
False
Suppose 37*f - 28*f - 49941 = 0. Is f prime?
False
Suppose 0 = -3*r + r - 4*q + 65766, 0 = -3*r + 2*q + 98665. Is r a prime number?
True
Let t(h) = 141*h**2 - h + 10. Suppose l - 3*d = -6, -2*l - 3*d - d = 2. Is t(l) a composite number?
True
Suppose 9*w = -19 + 1. Is -3*((-2498)/12)/((-1)/w) a composite number?
False
Let x = 23 + -14. Let g(q) = 4*q + x*q + 13*q - 3*q - 2. Is g(7) a prime number?
False
Suppose -352*f + 7427 = -345*f. Is f composite?
False
Suppose 5*s - 1911 = -2*m, m + 5*s = 812 + 141. Is m a composite number?
True
Suppose 5*t - 2174 = -3*j + 236, 2*j + 10 = 0. Suppose 0 = h - 0*h - t. Suppose -5*s + 0*s + h = 0. Is s a composite number?
False
Let c = 19 + -17. Let k be 17/c*(9 - -7). Let s = 225 - k. Is s a prime number?
True
Is 1 - (-7747 - (-11 - -2)) a composite number?
True
Let h = -7763 - -37032. Is h a composite number?
False
Suppose 0 = 47*d - 45*d - 50. Let q = d - -382. Is q a prime number?
False
Let j(i) = 5*i - 26. Let r be j(6). Suppose -r*h = 4*y - 1528, 3*h + 4*y + 75 = 1220. Is h composite?
False
Suppose -3596 = -3*x + 2*y + 397, -y - 6648 = -5*x. Suppose -56*o = -53*o - x. Is o a composite number?
False
Let j(o) = -5*o**3 + 7*o**2 + 4. Let x be j(-6). Let r = 2303 - x. Is r a composite number?
False
Suppose 3*m - 103 + 28 = 0. Let i = 35 + m. Suppose 5*a - g = 179 + i, a - g - 51 = 0. Is a composite?
False
Let c(b) = 148*b + 55. Is c(4) a prime number?
True
Let j = 181 + -273. Let a = 241 + j. Is a a composite number?
False
Let g = 13 - 11. Suppose g*l - b - 508 = -3*b, 2*b + 1270 = 5*l. Is l a prime number?
False
Suppose -8*g + 7*g = -818. Is g composite?
True
Is (-22 - 4)*1185/(-30) a composite number?
True
Suppose 2*h + 5*u - 8541 = 0, h - u - 354 - 3934 = 0. Is h a composite number?
False
Suppose 3*i + 11 = 32. Let m(k) = -2*k - i - 4*k + k + 5*k**2 + k. Is m(6) prime?
True
Let y be (-1427)/(-2) + 9/(-18). Let u = y + -122. Is u prime?
False
Let z be -2 + 7 - (1 + -3). Suppose z*y + 75 = 1496. Is y a prime number?
False
Let d(j) = 10*j**2 - 33*j - 70. Let w(r) = 15*r**2 - 49*r - 105. Let n(f) = 8*d(f) - 5*w(f). Is n(17) a composite number?
False
Let i be 2/12 + 87/18. Is (-2)/i + (-4314)/(-10) composite?
False
Let w be -39*(-4 + 7 - 20). Let t = 1000 - w. Is t prime?
True
Let p be 2176 + -1*(3 + -1). Let u be (-2 - 0) + 5 + p. Suppose 0 = 5*h + 2*h - u. Is h a composite number?
False
Let p(k) = 20*k**2 + 30*k + 67. Is p(-18) prime?
True
Suppose 4*y = -3*x + 333, 7*x - 149 = -2*y + 2*x. Let m(c) = c - 2 - 2*c - 20*c**2 + 3 + y*c**2. Is m(1) prime?
True
Let n(y) = -14*y - 3. Let o be 8/2 - (8 - 7). Suppose -h = -2, t + 7*h = o*h + 3. Is n(t) a composite number?
False
Let k = 2607 - 1010. Is k composite?
False
Suppose 0 = -3*h - 2*k + 10, -12 = -4*h - 2*k - 2. Suppose -4*j = -h*y - y - 16, -5*y = -4*j + 16. Is (-3741)/(-15) - j/10 a composite number?
True
Suppose -5*k - t - 220 = -85, 0 = 5*k - t + 135. Let r = k + 83. Suppose -g = 3*g - r. Is g a prime number?
False
Let m(y) = -3*y**3 + y**2 + y. Let a be m(-1). Suppose w - a*w = -112. Let q = w - 17. Is q a prime number?
False
Let m(q) = -63*q + 29. Let d be m(12). Let h = -490 - d. Is h a prime number?
False
Suppose -2*q + 35326 - 8380 = 4*m, -m = 4*q - 53864. Is q a prime number?
False
Suppose -3*u + 38 + 7 = 0. Let q = u + -9. Suppose -2*p + q*p - 8 = 0, -5*j + p = -28. Is j a composite number?
True
Let b be 1*(-72 + 5)*11. Let f = 4678 + b. Is f a prime number?
False
Let x(s) = s**3 + 11*s**2 - 2*s - 15. Suppose 0 = k - 2 - 9. Suppose -w + k = -2*w. Is x(w) composite?
False
Let f(z) = 10*z + 11670. Let d be f(0). Suppose -d = -8*u - 4078. Is u a composite number?
True
Is 274383/36 + (-51)/68 a composite number?
False
Suppose 11*k - 9*k - 2 = 0. Is (-3 - (-3140)/6)/(k/3) a composite number?
True
Let q be 3*(-5)/(-15)*(3 - 3). Suppose q = -27*o + 31*o - 2908. Is o prime?
True
Let n(s) = -9*s - 59. Let c(k) = -3*k - 20. Let m(u) = 7*c(u) - 2*n(u). Let b be m(-9). Let l(r) = r**2 + 6*r - 4. Is l(b) composite?
True
Let f(b) = b**3 + 8*b**2 + 9*b + 14. Let k be f(-8). Let r be k/4*(7 - -3). Let s = 207 + r. Is s a prime number?
False
Suppose 3*w = -f - 2*f + 8142, -f = 2*w - 5433. Is w a composite number?
False
Let s be (-4)/((-4)/23)*-1. Let n = -43 - -27. Let r = n - s. Is r prime?
True
Let j(p) = 8*p**2 - 182*p + 2. Is j(58) composite?
True
Suppose 12*z - 9*z = 771. Suppose 2*h + 2*g - 402 = 0, -2*h + z = -2*g - 153. Is h composite?
True
Let w be 5*(54/(-15) - -3). Let a be w/(((-9)/(-12))/(-1)). Suppose 168 - 20 = a*v. Is v prime?
True
Suppose -3177 = -3*s - 789. Let q = -1264 + s. Is 0 + -1 + 0 - q prime?
True
Let r = 80 + -80. Suppose 2*n + 3*a - 286 = r, 4*n = -4*a - 167 + 747. Is n prime?
True
Let f(j) = 151*j + 88*j + 100*j. Let o be f(4). Suppose o = 5*x - 349. Is x a prime number?
False
Suppose 4*j - 8 = -0. Let c(z) = 439*z**2 - 2*z. Let q be c(j). Suppose -5*d - 277 = -q. Is d composite?
True
Let n be (-3756)/(-7) + 12/(-21). Suppose 1112 + 246 = -5*z - 4*p, 0 = -2*z + 2*p - n. Let v = z + 563. Is v composite?
False
Let z(u) = u**2 + 3*u + 3. Let v be z(-2). Suppose -y = -v - 0. Suppose -h - 2*w + 46 = -y, -3*w + 44 = h. Is h composite?
False
Suppose -2*k = -0*k - 336. Suppose 0*r - 249 = -3*r - 3*v, -v + k = 2*r. Suppose r = 5*m - 100. Is m a composite number?
False
Suppose -3*q + 4*f + 1566 = -256, -1813 = -3*q - 5*f. Let w = q - 275. Is w a prime number?
True
Let p(y) = 2335*y**3 - 3*y**2 + 2*y - 1. Let z be (36/8 + -4)*2. Is p(z) composite?
False
Let v(h) = 275*h + 6. Let i be v(-3). Let g = i - -1166. Is g prime?
True
Suppose 0 = -3*s - 2*s + 5*b + 225, 2*s + 3*b = 115. Let u = -3 + 3. Is (-3 - s)*(-1 - u) a prime number?
True
Let q(g) = 58*g**2 + 2*g + 10. Let c(m) = -117*m**2 - 4*m - 19. Let k(j) = -6*c(j) - 11*q(j). Let l be k(4). Suppose -12*n = -16*n + l. Is n a prime number?
False
Let u(d) = d**2 - 9*d + 1. Suppose -70 = -5*m + g, -m = -3*g - 0*g. Let f(i) = i**2 - 13*i - 18. Let s be f(m). Is u(s) composite?
False
Let s = 8343 + -994. Is s composite?
False
Suppose 3*x - 7410 = -i - 2158, 21035 = 4*i + 3*x. Is i a prime number?
True
Suppose -3*n - 16*j = -21*j - 8293, 11054 = 4*n - 5*j. Is n prime?
False
Let a = -19 + 23. Suppose a*p - f = 3055, 4*p - f = -2*f + 3049. Is p prime?
False
Suppose -9*o + 15*o = 174426. Is o prime?
False
Suppose 0*y - 2*y = -4*o - 20, 20 = 3*y - o. Let w(f) = 24*f - 2. Let x be w(y). Suppose -2*u = -4*u + x. Is u prime?
True
Is (-50)/(-30)*3 - -9248 a prime number?
False
Let q be (0 + 4)*(-3)/((-12)/(-827)). Let t = 3534 + q. Is t a prime number?
True
Is (4 - 2)/(10/18965) a prime number?
True
Suppose 4*f = 3*f + 34. Suppose -u = -2*x + f, 2*u + x - 3*x = -76. Let k = u - -493. Is k a composite number?
True
Let w = 4 - 9. Let c = 0 - w. Let o = 12 - c. Is o a prime number?
True
Suppose -88859 = 69*r - 86*r. Is r a prime number?
True
Suppose -d - 5*r = -r - 16563, 0 = -3*d + 5*r + 49706. Is d a prime number?
True
Let n(v) = v + 22. Let y be n(-16). Let i(m) = 37*m**2 - 7*m + 3. Is i(y) a composite number?
True
Let w be 2 + 4/16*4. Let z(k) = k**2 - 2*k + 1. Let d be z(w). Suppose -f + 1235 = d*f. Is f composite?
True
Let c(q) = q**3 + 12*q**2 + 12*q + 1. Let f(k) = k + 8. Suppose -7*b + 2*b - 80 = 0. Le